 90, 67 = 2*v - n. Calculate the remainder when 183 is divided by v.
28
Let f(i) = i**2 - 21*i - 12. What is the remainder when f(25) is divided by 53?
35
Suppose 2*b = -14 + 22. Calculate the remainder when (1*36)/b - 2 is divided by 2.
1
Let p(k) = -k**2 + 6*k - 4. Let n be p(4). Suppose -5*t + d - 3*d + 171 = 0, n*d = 5*t - 153. Calculate the remainder when 97 is divided by t.
31
Let f = 536 + -125. Calculate the remainder when f is divided by 18.
15
Let r = -3 + 5. Suppose 0 = -r*n - 1 + 35. Let b = -16 + 26. Calculate the remainder when n is divided by b.
7
Let p = 78 + -34. Calculate the remainder when 21 is divided by (-1)/(((-4)/p)/1).
10
Let x(a) = a**2 - 12*a + 87. What is the remainder when 228 is divided by x(9)?
48
Suppose -2*a - 4*b + 34 = 0, 5*b - 13 = -a + 1. What is the remainder when 31 is divided by a?
12
Suppose -5*r - 40 = 4*c - 2, 18 = -2*r - 3*c. Calculate the remainder when 53 is divided by (3 + -57)*3/r.
26
Suppose 469 = -18*u + 1027. What is the remainder when u is divided by 11?
9
Let k = 1086 + -1069. Calculate the remainder when 132 is divided by k.
13
Suppose -24 = 5*c - 199. Let j = c - 26. Calculate the remainder when 26 is divided by j.
8
Let a(b) = b - 1. Let m(u) = -u**2 - 2*u - 17. Let o(c) = 6*a(c) - m(c). Suppose -3*w = -110 - 121. What is the remainder when w is divided by o(-9)?
17
Suppose -147 = -3*i - 5*c, 13*i = 12*i - c + 49. What is the remainder when i is divided by 6?
1
Suppose -3*c - 286 = -5*c. Suppose k + c = 5*r + 2*k, -5*r + 3*k = -151. What is the remainder when r is divided by ((-15)/(-9) - 3)*-6?
5
Let d = -55 + 101. Let g(q) = q. Let o be g(0). Suppose o = -0*p + 3*p - 36. What is the remainder when d is divided by p?
10
Suppose 19*r + 2*g = 20*r - 41, -4*r - 5*g = -99. Calculate the remainder when r is divided by 15.
1
Let z(x) = -x**3 - 23*x**2 - 20*x + 53. Calculate the remainder when 98 is divided by z(-22).
8
Suppose -t + 85 = 2*d + 8, -4*t + 5*d + 243 = 0. Calculate the remainder when t is divided by (-16)/(-24)*-6 - 14/(-1).
7
Let j(c) = c**3 - 13*c**2 + 12*c + 12. Let u be j(12). Let k(h) = 7*h - 30. What is the remainder when k(u) is divided by 14?
12
Suppose 4968 = 12*q - 768. What is the remainder when q is divided by 97?
90
Let y = 10 - 7. Suppose c = y*c + 3*d + 9, 0 = 5*d + 5. Calculate the remainder when 7 is divided by (c/(-2) + -1)*4.
1
Suppose 15*u = 18*u + d - 35, 2*d - 59 = -5*u. What is the remainder when 1328 is divided by u?
8
Suppose -2*k - 2*k + 8 = 0. Suppose -k*t - 2 + 18 = 0. Suppose -92 = -0*n - 4*n. Calculate the remainder when n is divided by t.
7
Suppose 4*b - 32 = -5*r, 4*b + b = -2*r + 23. Let c(q) = -2*q**2 + 1 + 8*q - 3*q**2 + 1 + 2*q**3 + 1. Calculate the remainder when c(r) is divided by 21.
20
Let v(n) = -n**3 - 14*n**2 - 52*n + 2. What is the remainder when v(-10) is divided by 27?
14
Let h be 0/(-1 + 0 + 0). Suppose 5*l - 8*l + 48 = h. Let a(j) = -9*j + 1. Calculate the remainder when l is divided by a(-1).
6
Suppose -2*d + 4 = 6*j - 10*j, -5*d = -3*j - 45. What is the remainder when 83 is divided by d?
11
Suppose -4*s + 4*m = -267 - 265, 527 = 4*s - 3*m. Let d(q) = -71*q - 271. Calculate the remainder when s is divided by d(-4).
11
Suppose 3*i + 3*g - 12 = 0, -7*i + 47 = -2*i - 4*g. Let f(s) = 9*s - 4. Calculate the remainder when f(i) is divided by 15.
14
Suppose -z - 3 = -0*z. Let y(k) = -5*k + 4. Let i be y(-1). Let b = z + i. What is the remainder when 22 is divided by b?
4
Let h = -60 + 84. Let l = h + -11. Let g(m) = m**3 - 5*m**2 - 62*m - 228. What is the remainder when g(12) is divided by l?
10
Let y(v) = -242*v + 16. Calculate the remainder when y(-1) is divided by 65.
63
Suppose -730*s + 3168 = -714*s. What is the remainder when s is divided by 25?
23
Calculate the remainder when 713 is divided by 2/14 + (752/28 - 6).
20
Calculate the remainder when 20 is divided by 432/264*44/8.
2
Let q = -42 + 29. Let o = 16 + q. Suppose -o*h + 15 = 2*i, 2*i = -2*i - h + 55. What is the remainder when i is divided by 4?
3
Suppose -5*h = -20, 3*h = -5*k + 1730 + 2627. What is the remainder when k is divided by 87?
86
Suppose -10 = -0*f + 5*f. Calculate the remainder when 123 is divided by -1*(-27 + (f - 2)).
30
Suppose -3*n = 17 - 5. Let u be n/14 + (-26)/7. Let c(h) = -12*h - 9. What is the remainder when c(u) is divided by 10?
9
Let d(u) be the third derivative of u**4/12 + 25*u**3/6 + 4*u**2. What is the remainder when 35 is divided by d(-8)?
8
Suppose 2*c - 5*p = 151, 4*c - 2*p - 70 = 240. What is the remainder when 61 is divided by c/5 + (-1 - 21/(-15))?
13
Suppose -2*n + 6*i + 23 = 5*i, n - 14 = -2*i. Let d = n + -21. Let l = d - -20. What is the remainder when l is divided by 7?
4
What is the remainder when (51/4)/((-123)/(-164)) is divided by 9?
8
Suppose -y + 24 = c, -98 - 7 = -5*y - 2*c. What is the remainder when 38 is divided by y?
0
Suppose 620 = 4*b - 264. Suppose -995 = -17*i + 12*i. Suppose -5*w + b = -i. What is the remainder when w is divided by 29?
26
Suppose 3*j + 3 - 15 = 2*k, 0 = -4*k + 12. Suppose -102 = -4*u - j. Calculate the remainder when u is divided by 7.
3
Calculate the remainder when 281/6 - (-2 - (-33)/18) is divided by 24.
23
Let a(s) = -s**3 - 19*s**2 - 18*s. Let k be a(-18). Suppose k = 5*z - 8*z + 30. Calculate the remainder when z is divided by 4.
2
Let u be (-4)/(-5) - (-6 + 42/15). What is the remainder when 23 is divided by -3*u/36*-12?
3
Suppose -3*b - p = -215, 0 = -5*p + 17 - 7. Calculate the remainder when b is divided by 24.
23
Suppose 5*z = 15, 259 + 140 = 5*g + 3*z. Calculate the remainder when 219 is divided by g.
63
Let n be ((-8)/(-2))/(-4) + 360. Let w = n + -55. Suppose -7*i + w = -3*i. Calculate the remainder when i is divided by 16.
12
Suppose 5*m - 76 = -h + 3*m, -2*m = 0. What is the remainder when h is divided by 11?
10
Let z = 373 + 102. Suppose 0 = -8*g + 3*g + z. Calculate the remainder when g is divided by 25.
20
Let t = 265 + -254. What is the remainder when 31 is divided by t?
9
Suppose -k - 29 = 3*z - 4*z, -20 = 4*k. Calculate the remainder when 19/(2/10 - 0) is divided by z.
23
Let g be (-780)/(-13)*(-1)/(-2). Suppose g = 5*o - 0*o. Suppose 0 = -4*w + c - o*c + 185, -135 = -3*w - 3*c. What is the remainder when w is divided by 14?
12
Suppose -5*b + 0*m = -2*m - 18, 25 = 5*b + 5*m. Suppose 5*t - 74 = -3*p, -3*p = -t - b*p + 16. Let g = t + 2. What is the remainder when 42 is divided by g?
12
Let a be 0*(-4)/(-8)*1. Suppose -j + 4 = -a*j. Suppose -j*i - x + 60 = -3*i, i - 5*x - 72 = 0. What is the remainder when i is divided by 21?
20
Let z(p) be the third derivative of -p**5/60 + 7*p**4/24 - p**3 + 8*p**2. Let m be z(6). Calculate the remainder when (1 + m)/((-8)/(-256)) is divided by 18.
14
Let v be 84/16 + 3/(-12). Suppose v*o - 44 = 4*o. What is the remainder when o is divided by 12?
8
Let s(k) = -k**3 - 11*k**2 - 2*k - 8. Suppose -26 - 29 = 5*y. What is the remainder when 52 is divided by s(y)?
10
Let w(c) = 3*c + 2. Let q be w(-6). Let j = q - -42. Suppose 2*z + 300 = 6*z. What is the remainder when z is divided by j?
23
Suppose 2*s - 28 + 4 = 0. Let y = 1010 + -517. Suppose -5*r - 203 = -y. What is the remainder when r is divided by s?
10
Let u(v) = v**3 - 15*v**2 - 39*v - 36. Calculate the remainder when u(18) is divided by 47.
46
Calculate the remainder when 560 is divided by (-1)/(-3 + (5 - 1)) - -95.
90
Let c = 1 + 2. What is the remainder when (13 - 24)/(-3 + 2) is divided by c?
2
Suppose -5*m - 4 = -24. Suppose 0 = -i + m*i - 207. Let h = -26 - -50. Calculate the remainder when i is divided by h.
21
Suppose -3*i + 201 = -0*i. Let w = -48 - -65. What is the remainder when i is divided by w?
16
Suppose 190 = -2*x + 4*s, 0 = 3*x + 3*s + 18 + 276. Let o = 151 + x. Calculate the remainder when 104 is divided by o.
50
Let s be 2/(-3)*6/(-4). Suppose 5*m - 41 = -6. Calculate the remainder when m is divided by 6/(-3) - s - -7.
3
Let v(l) = l**2 - 3*l + 2 - 5 - 13*l - 11. Calculate the remainder when v(18) is divided by 12.
10
What is the remainder when (3/(-9))/(2/(-339 - -3)) is divided by 16?
8
Suppose -10*i - 91 = -d - 9*i, -2*i + 483 = 5*d. What is the remainder when 122 is divided by d?
27
Suppose -v + 21 = 4*f, 0 = 5*v - f - 132 - 36. Calculate the remainder when 104 is divid